0
Let m = -1985 - -1977. Let n(a) = 2*a - 344 + a + 349. Calculate n(m).
-19
Let o be 61617/(-6118) + ((-1)/(-14))/1. Let u(d) = 2*d**2 + 16*d - 37. What is u(o)?
3
Let i(c) = c + 17 - c**2 + 49 - 10*c - 91. Determine i(-8).
-17
Suppose -41*i = -36*i - 5, 36 = 4*z - 4*i. Let c(y) = -4*y + 14. Calculate c(z).
-26
Let w(s) be the first derivative of s**3/6 + 3*s**2 + 25*s + 34. Let d(b) be the first derivative of w(b). Determine d(-11).
-5
Let o be (-2)/1*27/6. Let a(c) = -11*c**2 + 21*c + 17*c**2 - 11*c**2 + 10*c - 56. Let l(p) = -p**2 + 8*p - 14. Let v(b) = o*l(b) + 2*a(b). What is v(-11)?
3
Let b = -8 + 1. Let q(u) = 4725632*u - 4725633*u + 1 - 8. Calculate q(b).
0
Let v(j) = -9*j**3 - j**2 + 10*j + 8. Let n(r) = -10*r**3 - r**2 + 9*r + 7. Let t(l) = -6*n(l) + 5*v(l). Determine t(-2).
-110
Let k be (2/3)/(26/1911). Let u be (-28)/k*(-7)/2. Let l(v) = 4*v**u + v**2 + 6*v - 1 - 4*v**2 - 7*v. Calculate l(1).
-1
Let v(u) = 8*u**3 - 2*u**2 - 2. Let x(b) = 31*b**3 + 4*b**2 - 16*b + 47. Let i(d) = 4*v(d) - x(d). Determine i(11).
0
Let q(y) = -y**3 - 11*y**2 + 13*y - 13. Let p be q(-12). Let m = p - -30. Let g(w) = -1 - 2 + w - 3. Determine g(m).
-1
Let x(b) = 10*b - 26. Let t(i) = 2*i**2 - 3*i - 2. Let n be t(-1). Let q be x(n). Let c(l) = 0*l - l**2 + 0*l - l. Determine c(q).
-20
Let p(b) be the first derivative of b**4/4 + 5*b**3/3 - 2*b**2 + 18*b + 483. Give p(-7).
-52
Let f be 4*(3/18*-3 + 1). Let l(p) be the first derivative of 2*p**2 - 3*p + 4 + 1 + 0*p. What is l(f)?
5
Let v(l) = l - 12. Let h(k) = -k + 11. Let p(d) = 4*h(d) + 5*v(d). Suppose 107*i = 111*i - 5*f - 66, f = -6. Determine p(i).
-7
Let c be 2 - (0/(6/3))/(-2). Let r(u) = u**3 - c*u**3 - 12 - 14*u**2 - 7*u + 0 - 7*u. Let v be r(-13). Let s(f) = 11*f**2 - 1. Give s(v).
10
Let c = -157 + 159. Suppose 0 = 3*z + 9*i - 4*i + c, 1 = -i. Let p(u) = -2*u**3 - u**2 + 1. Give p(z).
-2
Let a(w) = -w**3 + 11*w**2 - 5*w - 4. Suppose 0*s - 32*s + 440 = 8*s. What is a(s)?
-59
Let g(u) = -u**3 - 15*u**2 + 17*u + 15. Let w(z) = -z**3 + 51*z**2 - 95*z - 149. Let t be w(49). Let c be (-48)/(-72)*(-26 - t). Calculate g(c).
-1
Let h(l) = 2*l**2 - 12*l. Suppose -y = 68*r - 70*r + 19, 5*y = -5. Give h(r).
54
Let p = 5 - 4. Suppose -55 = s + 10*s. Let n(c) = 7*c - 6. Let h(x) = -8*x + 7. Let i(o) = s*h(o) - 6*n(o). Give i(p).
-1
Suppose -4*s + 4*p = -8, 0 = -3*s - 4*p + 16 - 3. Let g(b) = -5*b - 7301 + b**2 - 2*b - 4*b**2 + 7302 + b**s. Suppose k - 3*k = -10. What is g(k)?
16
Let z(o) be the first derivative of -o**4/2 - 19*o**3/3 - 15*o**2 - 184*o + 6537. Give z(-9).
5
Suppose -x - 7*x - 20 + 44 = 0. Let z(n) = 0*n + n + 1 - 3*n. What is z(x)?
-5
Let j(r) = -3*r**3 + 31*r**2 + 56*r - 9. Let h(q) = -16*q**3 + 157*q**2 + 279*q - 44. Let y(n) = 2*h(n) - 11*j(n). Determine y(29).
11
Suppose 0 = -117*d + 121*d - 28. Suppose 4*u - 3*t = -1, t = 5*u - 0*t - d. Let x(v) = 4*v**2 - 2 - u*v + 1 - 21*v**2 - 3*v**2. Give x(-1).
-19
Suppose -2*b + 6 = b. Let u(p) be the second derivative of p**3/3 - p**2 - 4*p - 41. Calculate u(b).
2
Suppose -k + 4*k + 144 = 0. Let t be k/(-10) - (-3)/15. Let w(r) = -2*r**2 - 2*r + 2. Let u(z) = z**2 + 2*z - 2. Let j(x) = -5*u(x) - 3*w(x). Give j(t).
9
Let c(q) be the second derivative of q**5/20 + 5*q**4/3 + 7*q**3/2 + 19*q**2 + 50*q - 7. Calculate c(-19).
0
Let r = -46 - -47. Let z(p) = p - 2 - r - p**2 + 4 - 7*p. Calculate z(-6).
1
Let a(n) = -2*n - n**3 + 2167*n**2 - 4334*n**2 + 2162*n**2 + 5 - 7. What is a(-4)?
-10
Let t(z) = -9*z + 0*z - 92 + 74. Let l(h) = -5*h - 10. Let d(c) = -5*l(c) + 3*t(c). Calculate d(-3).
2
Let x(s) = 6*s**2 + 25*s - 14. Let m(q) = -29*q**2 - 122*q + 76. Let d(g) = 2*m(g) + 11*x(g). What is d(-4)?
2
Let c be (106299/23622)/(-2 + (-7)/(-2)). Let m(p) = -2*p**3 - p**2 - 6*p + 2. Let a(v) = 5*v**3 + 4*v**2 + 17*v - 6. Let t(w) = 3*a(w) + 8*m(w). Give t(c).
16
Suppose -5*j = -2*j + 3*n + 18, -6 = -3*j + 3*n. Let i be 39/351 + (186/27 - j). Let b(t) = -t + 10. What is b(i)?
1
Let d = -13481 - -13480. Let p(k) = -40*k - 37. Give p(d).
3
Let y = 114 - 111. Suppose y*h = -5*l + 12 + 10, 0 = 4*l + h - 12. Let f(z) = 2*z - 2. What is f(l)?
2
Let f(v) = -5*v**2 + v + 1. Let y = -62 + 78. Suppose 3*g + 1 = y. Suppose g = 6*p - 11*p. Give f(p).
-5
Let f(w) be the second derivative of 0*w**2 + 0 - 1/120*w**5 - 12*w + 0*w**4 + 20/3*w**3. Let j(u) be the second derivative of f(u). Determine j(-5).
5
Let g(x) = 1301 + 71*x - 448 + 66. What is g(-13)?
-4
Suppose 3*w + r = 17, 4*r - 4 = -3*w + 1. Let j be w/(-5) + 1 + (-132)/(-55). Let k(n) = -14*n + 9*n + n**j - 5 + 1. Determine k(5).
-4
Let t(h) = 3*h**2 + h - 1. Let r be (4 + (-10)/3)/((-5)/(-60)). Suppose 4*q - 9 - 11 = 0. Suppose f = q*f + r. Determine t(f).
9
Let l(m) = -m**3 - 2*m**2 + 2*m - 4. Let t be l(-3). Let j be 0 - (-3 + (t + 1)/(-2)). Let n(o) = 18*o + 2*o**2 - 19*o - o**j - o**3 - 5*o**3. What is n(1)?
-6
Let n(i) = i**2 - 30*i - 27. Suppose -7*u + 24 = -47 - 146. Give n(u).
4
Let k be ((-143260)/100)/29 - 6/10. Let a(t) = t**3 + 51*t**2 + 48*t - 99. Calculate a(k).
1
Suppose 77 + 105 = -14*g. Let b(a) = -a**3 - 12*a**2 + 14*a + 16. What is b(g)?
3
Let b(n) be the first derivative of n**4/2 + n**2 - 2*n + 609. Give b(2).
18
Let t(a) be the second derivative of -a**5/120 - 7*a**4/24 + 25*a**3/6 + 11*a + 1. Let l(r) be the second derivative of t(r). Calculate l(8).
-15
Suppose 0 - 30 = 10*u. Let d(a) be the first derivative of -a**5/120 - a**4/24 + 7*a**3/3 + 7. Let p(v) be the third derivative of d(v). What is p(u)?
2
Suppose x - 24 + 17 = 0. Let z(u) = x*u + 5*u + 1 - 3*u - 3*u. Let o(f) = f - 25. Let h be o(26). Determine z(h).
7
Let q(u) = u - 37. Let k(i) = -13*i - 119. Let g(n) = k(n) - 3*q(n). Give g(1).
-24
Suppose 6*y - 5*y = -28. Let i = y - -30. Let m(v) = 7*v**2 + v**2 - 5*v + 2 - 2*v**i - 5*v**2. What is m(4)?
-2
Let k(x) = x**3 + x**2. Let v(a) = 2*a**3 + 11*a**2 - a - 12. Let q(c) = -k(c) + v(c). Suppose -84*n + 290 = -113*n. Determine q(n).
-2
Let y(d) = -9*d**2. Let i(h) = 3*h**2 - 4*h**2 + 2*h**2 + 2*h**2 - 1. Let f be i(0). Determine y(f).
-9
Let g(b) = -b**2 + 23*b - 139. Let t be g(11). Let d(u) = 8 - u + 11 - 18. Calculate d(t).
8
Suppose -r + 1 = -0*r + 2*l, -5*r - 2*l = -13. Let p(c) = 2*c - 9. Let m(d) = -3*d + 9. Let j(z) = r*m(z) + 4*p(z). Calculate j(-9).
0
Let b(v) = 10*v - 40. Let m(x) = -6*x + 3. Let n(u) = b(u) + m(u). Determine n(12).
11
Let i(v) = 5*v**2 - 21*v + 21. Let s(u) = -2*u**2 + 10*u - 8. Let f(q) = -3*i(q) - 7*s(q). Let o(y) = -2*y**2 - y + 2. Let x be o(2). What is f(x)?
-15
Let k be (-12 - 50/(-5))*(-3)/((-18)/(-33)). Let j(c) = c**3 - 12*c**2 + 15*c - 44. What is j(k)?
0
Let u(m) = 46*m**2 - 6*m - 35. Let k(z) = -55*z**2 + 8*z + 35. Let l(j) = -5*k(j) - 6*u(j). What is l(-9)?
-10
Let h be 6 + -2*(-2972)/(-8). Let f = h + 742. Let z(c) = c**2 - 3*c - 3. What is z(f)?
7
Suppose 0 = 47*r - 53 - 229. Let v(t) = 2*t**3 - 7*t - 5*t**2 - 4*t**3 + 5*t**3 + 5 - 2*t**3. What is v(r)?
-1
Let d be 0 - -6 - (-21)/(-49)*7. Let x(p) = -2*p**2 + p - 1. Let t(w) = -w**2 + 2*w - 1. Let k(h) = d*x(h) - 4*t(h). What is k(-4)?
-11
Suppose -18*m + 12 = -15*m. Suppose 2*d = -p - 2, -m*d = -0*p - 4*p - 32. Let g be 31/p - 3/(-18). Let y(k) = k. Give y(g).
-5
Suppose 8*l = -2501 + 2453. Let n(f) = -2*f**2 - 15*f - 25. Give n(l).
-7
Let u(t) = -3*t + 8. Let n(d) = 7*d - 17. Let h(j) = -4*n(j) - 9*u(j). Let l be (-722)/(-22) - (-14)/77. Let i = l + -29. Determine h(i).
-8
Let l(u) = -2*u - 14 + 10*u - 4*u + 3*u - 9*u. Determine l(-6).
-2
Let x be (-6)/(-8) + (-4)/(-16). Let m(z) = 3*z - 3*z + 10564 + 14*z**2 - 10563. What is m(x)?
15
Let t(l) = 41*l + 9. Let c be (-2)/(-2) + -8 + 1. Let d(w) = 19*w + 4. Let f(g) = c*t(g) + 13*d(g). Determine f(1).
-1
Let s(r) = 4*r + 6. Suppose 2*i - 4*i = 0. Suppose 6*x - 3*x + 123 = i. Let d = -45 - x. Determine s(d).
-10
Let v(g) be the first derivative of g**4/4 + g**3/3 + g**2 - g + 1. Suppose -4*l + 3*k = -1 + 4, -5*l + 3*k - 3 = 0. Suppose f - 2 = -l*f. Give v(f).
15
Let m(w) = -8*w + 19. Let f(u) = -7*u + 16. Let z(n) = -6*f(n) + 5*m(n). Suppose v + 5 = -5*k, 0*k = 2*k + 2. Suppose 5*b + 20 - 5 = v. Determine z(b).
-7
Let q(n) = -9*n + 16. Let u(y) = -20*y + 27. Let f(o) = -13*q(o) + 6*u(o). Determine f(-14).
-4
Let q(r) = -r**3 + 18*r**2 +